{"id":349,"date":"2024-02-16T08:14:08","date_gmt":"2024-02-16T07:14:08","guid":{"rendered":"https:\/\/eager-benz.45-82-188-209.plesk.page\/product\/vf180-12-viewfinder-46112\/"},"modified":"2024-04-19T16:22:34","modified_gmt":"2024-04-19T14:22:34","slug":"vf180-12-viewfinder-46112","status":"publish","type":"product","link":"https:\/\/seaandsea.eu\/nb\/produkt\/vf180-12-soker-46112\/","title":{"rendered":"VF180 1.2 S\u00f8ker"},"content":{"rendered":"","protected":false},"excerpt":{"rendered":"<p>VF180 1,2x<br \/>\nProduktnr. 46112<\/p>\n<p><span>Rett prismes\u00f8ker som er kompatibel med hus i RDX- og MDX-serien. Kan festes p\u00e5 huset ved \u00e5 erstatte den originale s\u00f8keren. Forst\u00f8rrelsesforholdet er 1,2x uten at det g\u00e5r p\u00e5 bekostning av synsfeltet. Fordi VF180 1,2x er en rett s\u00f8ker, kan du komponere bildene dine som om du s\u00e5 direkte gjennom kameraets s\u00f8ker. De optiske linsene med 8 elementer og 6 grupper gjengir naturlige farger. S\u00f8keren er fylt med nitrogengass for \u00e5 forhindre kondens og duggdannelse. \u00d8yebeskyttelsen s\u00f8rger for at du ser klart, siden det ikke kommer lys inn i s\u00f8keren.<br \/>\n* Det trengs tilbeh\u00f8r for \u00e5 feste s\u00f8keren til huset.<\/span><\/p>\n<p><strong>Spesifikasjoner<\/strong><br \/>\n<span>Konstruksjon: korrosjonsbestandig aluminiumslegering<br \/>\nDybdeklassifisering: 100m \/ 330ft<br \/>\n<\/span><span>M\u00e5l (DIAxD): 45\u00d7111 mm \/ 1,8 x 4,4 tommer<br \/>\nVekt: 275 g \/ 9,6 oz<br \/>\nKompatible kabinetter: (modeller produsert etter 2007)RDX-750D RDX-100D RDX-650D RDX-600D RDX-550D<br \/>\n(*2) MDX-D850 (*3) MDX-5D Mark IV MDX-80D MDX-D500 MDX-EM5 Mark II06177 MDX-\u03b17 II MDX-5D Mark III ver.2 MDX-7D Mark II MDX-70D MDX-5D Mark III MDX-6D MDX-7D MDX-PRO 5D Mark II \uff08*1\uff09MDX-40D \uff08*2\uff09MDX-D800 MDX-D7100 MDX-D7000 MDX-D300s MDX-PRO D700 MDX-PRO D3 \uff08*2\uff09 MDX-D300 \uff08*2\uff09 MDX-D300(*2)<\/p>\n<p>* 1 Avstandsholder for tilbeh\u00f8r er n\u00f8dvendig for \u00e5 montere s\u00f8keren p\u00e5 huset.<br \/>\n* 2 Det kreves fabrikkmodifisering for \u00e5 installere s\u00f8keren. Ta kontakt med en offisiell SEA &amp; SEA-forhandler eller distribut\u00f8r.<br \/>\n* 3 Den nedre delen av kameras\u00f8keren (der opptaksdataene vises) kan ikke vises p\u00e5 grunn av vignettering.<\/span><\/p>","protected":false},"featured_media":350,"comment_status":"closed","ping_status":"closed","template":"","meta":{"_acf_changed":false},"product_cat":[44,188],"product_tag":[201,38,180,202],"class_list":{"0":"post-349","1":"product","2":"type-product","3":"status-publish","4":"has-post-thumbnail","6":"product_cat-accessoires","7":"product_cat-behuizing-accessoires","8":"product_tag-201","9":"product_tag-sea-sea","10":"product_tag-stay","11":"product_tag-viewfinder","13":"first","14":"instock","15":"product-type-simple"},"acf":[],"_links":{"self":[{"href":"https:\/\/seaandsea.eu\/nb\/wp-json\/wp\/v2\/product\/349","targetHints":{"allow":["GET"]}}],"collection":[{"href":"https:\/\/seaandsea.eu\/nb\/wp-json\/wp\/v2\/product"}],"about":[{"href":"https:\/\/seaandsea.eu\/nb\/wp-json\/wp\/v2\/types\/product"}],"replies":[{"embeddable":true,"href":"https:\/\/seaandsea.eu\/nb\/wp-json\/wp\/v2\/comments?post=349"}],"wp:featuredmedia":[{"embeddable":true,"href":"https:\/\/seaandsea.eu\/nb\/wp-json\/wp\/v2\/media\/350"}],"wp:attachment":[{"href":"https:\/\/seaandsea.eu\/nb\/wp-json\/wp\/v2\/media?parent=349"}],"wp:term":[{"taxonomy":"product_cat","embeddable":true,"href":"https:\/\/seaandsea.eu\/nb\/wp-json\/wp\/v2\/product_cat?post=349"},{"taxonomy":"product_tag","embeddable":true,"href":"https:\/\/seaandsea.eu\/nb\/wp-json\/wp\/v2\/product_tag?post=349"}],"curies":[{"name":"wp","href":"https:\/\/api.w.org\/{rel}","templated":true}]}}

VF180 1.2 Søker

<p>VF180 1,2x<br />
Produktnr. 46112</p>
<p><span>Rett prismesøker som er kompatibel med hus i RDX- og MDX-serien. Kan festes på huset ved å erstatte den originale søkeren. Forstørrelsesforholdet er 1,2x uten at det går på bekostning av synsfeltet. Fordi VF180 1,2x er en rett søker, kan du komponere bildene dine som om du så direkte gjennom kameraets søker. De optiske linsene med 8 elementer og 6 grupper gjengir naturlige farger. Søkeren er fylt med nitrogengass for å forhindre kondens og duggdannelse. Øyebeskyttelsen sørger for at du ser klart, siden det ikke kommer lys inn i søkeren.<br />
* Det trengs tilbehør for å feste søkeren til huset.</span></p>
<p><strong>Spesifikasjoner</strong><br />
<span>Konstruksjon: korrosjonsbestandig aluminiumslegering<br />
Dybdeklassifisering: 100m / 330ft<br />
</span><span>Mål (DIAxD): 45×111 mm / 1,8 x 4,4 tommer<br />
Vekt: 275 g / 9,6 oz<br />
Kompatible kabinetter: (modeller produsert etter 2007)RDX-750D RDX-100D RDX-650D RDX-600D RDX-550D<br />
(*2) MDX-D850 (*3) MDX-5D Mark IV MDX-80D MDX-D500 MDX-EM5 Mark II06177 MDX-α7 II MDX-5D Mark III ver.2 MDX-7D Mark II MDX-70D MDX-5D Mark III MDX-6D MDX-7D MDX-PRO 5D Mark II （*1）MDX-40D （*2）MDX-D800 MDX-D7100 MDX-D7000 MDX-D300s MDX-PRO D700 MDX-PRO D3 （*2） MDX-D300 （*2） MDX-D300(*2)</p>
<p>* 1 Avstandsholder for tilbehør er nødvendig for å montere søkeren på huset.<br />
* 2 Det kreves fabrikkmodifisering for å installere søkeren. Ta kontakt med en offisiell SEA &amp; SEA-forhandler eller distributør.<br />
* 3 Den nedre delen av kamerasøkeren (der opptaksdataene vises) kan ikke vises på grunn av vignettering.</span></p>
