{"id":351,"date":"2024-02-16T08:14:08","date_gmt":"2024-02-16T07:14:08","guid":{"rendered":"https:\/\/eager-benz.45-82-188-209.plesk.page\/product\/vf45-1-2-viewfinder-46111\/"},"modified":"2024-04-18T12:11:18","modified_gmt":"2024-04-18T10:11:18","slug":"vf45-1-2-viewfinder","status":"publish","type":"product","link":"https:\/\/seaandsea.eu\/pt\/produto\/vf45-1-2-visor\/","title":{"rendered":"Visor VF45 1.2"},"content":{"rendered":"","protected":false},"excerpt":{"rendered":"<p>VF45 1.2x<br \/>\nProduto n.\u00ba 46111<\/p>\n<p><span>Um visor de prisma de 45\u00b0 (amplia\u00e7\u00e3o: 1,2x).<br \/>\nO visor de prisma VF45 opcional substitui o visor original da sua caixa e oferece uma visibilidade superior. O VF45 cobre todo o campo de vis\u00e3o, aumentando a amplia\u00e7\u00e3o em 1,2x e permitindo um enquadramento e focagem subtis dos motivos. A pe\u00e7a ocular roda 360\u00b0 em incrementos de 90\u00b0 para proporcionar a posi\u00e7\u00e3o ideal da c\u00e2mara, quer seja paisagem ou retrato. O visor de prisma de 45 graus \u00e9 ideal para todas as condi\u00e7\u00f5es, mas especialmente adequado para a fotografia macro quando a c\u00e2mara est\u00e1 frequentemente posicionada mais abaixo do que o fot\u00f3grafo. A ocular ergonomicamente concebida impede a entrada de luz desnecess\u00e1ria, permitindo a extra\u00e7\u00e3o de imagens n\u00edtidas e precisas atrav\u00e9s do visor.<\/span><\/p>\n<p><strong>Especifica\u00e7\u00f5es<br \/>\n<\/strong>[Constru\u00e7\u00e3o] liga de alum\u00ednio resistente \u00e0 corros\u00e3o<br \/>\n[Classifica\u00e7\u00e3o de profundidade] 100m \/ 330ft<br \/>\n[Dimens\u00f5es (LxAxP)] 57,5\u00d798,7x96mm \/ 2,3\u00d73,9\u00d73,8inch<br \/>\n[Peso] 390 g \/ 13,7 oz<br \/>\n[Caixas compat\u00edveis]MDX-5D Mark III, MDX-6D, MDX-7D, MDX-PRO 5D Mark II \uff08\uff081 \u203b, MDX-40D \uff08\u203b 2\uff09MDX-D800, MDX-D7100, MDX-D7000, MDX-D300s, MDX-PRO D700, MDX-PRO D3 \uff08\u203b 2\uff09, MDX-D300 \uff08\u203b 2\uff09<br \/>\n* 1 \u00c9 necess\u00e1rio um suporte de dist\u00e2ncia para acess\u00f3rios para instalar o visor na caixa* 2 \u00c9 necess\u00e1ria uma modifica\u00e7\u00e3o de f\u00e1brica para instalar o visor. Por favor, contacte um revendedor ou distribuidor oficial da SEA &amp; SEA.<\/p>","protected":false},"featured_media":352,"comment_status":"closed","ping_status":"closed","template":"","meta":{"_acf_changed":false},"product_cat":[44,188],"product_tag":[38,203,202],"class_list":{"0":"post-351","1":"product","2":"type-product","3":"status-publish","4":"has-post-thumbnail","6":"product_cat-accessoires","7":"product_cat-behuizing-accessoires","8":"product_tag-sea-sea","9":"product_tag-vf45","10":"product_tag-viewfinder","12":"first","13":"instock","14":"product-type-simple"},"acf":[],"_links":{"self":[{"href":"https:\/\/seaandsea.eu\/pt\/wp-json\/wp\/v2\/product\/351","targetHints":{"allow":["GET"]}}],"collection":[{"href":"https:\/\/seaandsea.eu\/pt\/wp-json\/wp\/v2\/product"}],"about":[{"href":"https:\/\/seaandsea.eu\/pt\/wp-json\/wp\/v2\/types\/product"}],"replies":[{"embeddable":true,"href":"https:\/\/seaandsea.eu\/pt\/wp-json\/wp\/v2\/comments?post=351"}],"wp:featuredmedia":[{"embeddable":true,"href":"https:\/\/seaandsea.eu\/pt\/wp-json\/wp\/v2\/media\/352"}],"wp:attachment":[{"href":"https:\/\/seaandsea.eu\/pt\/wp-json\/wp\/v2\/media?parent=351"}],"wp:term":[{"taxonomy":"product_cat","embeddable":true,"href":"https:\/\/seaandsea.eu\/pt\/wp-json\/wp\/v2\/product_cat?post=351"},{"taxonomy":"product_tag","embeddable":true,"href":"https:\/\/seaandsea.eu\/pt\/wp-json\/wp\/v2\/product_tag?post=351"}],"curies":[{"name":"wp","href":"https:\/\/api.w.org\/{rel}","templated":true}]}}

<p>VF45 1.2x<br />
Produto n.º 46111</p>
<p><span>Um visor de prisma de 45° (ampliação: 1,2x).<br />
O visor de prisma VF45 opcional substitui o visor original da sua caixa e oferece uma visibilidade superior. O VF45 cobre todo o campo de visão, aumentando a ampliação em 1,2x e permitindo um enquadramento e focagem subtis dos motivos. A peça ocular roda 360° em incrementos de 90° para proporcionar a posição ideal da câmara, quer seja paisagem ou retrato. O visor de prisma de 45 graus é ideal para todas as condições, mas especialmente adequado para a fotografia macro quando a câmara está frequentemente posicionada mais abaixo do que o fotógrafo. A ocular ergonomicamente concebida impede a entrada de luz desnecessária, permitindo a extração de imagens nítidas e precisas através do visor.</span></p>
<p><strong>Especificações<br />
</strong>[Construção] liga de alumínio resistente à corrosão<br />
[Classificação de profundidade] 100m / 330ft<br />
[Dimensões (LxAxP)] 57,5×98,7x96mm / 2,3×3,9×3,8inch<br />
[Peso] 390 g / 13,7 oz<br />
[Caixas compatíveis]MDX-5D Mark III, MDX-6D, MDX-7D, MDX-PRO 5D Mark II （（1 ※, MDX-40D （※ 2）MDX-D800, MDX-D7100, MDX-D7000, MDX-D300s, MDX-PRO D700, MDX-PRO D3 （※ 2）, MDX-D300 （※ 2）<br />
* 1 É necessário um suporte de distância para acessórios para instalar o visor na caixa* 2 É necessária uma modificação de fábrica para instalar o visor. Por favor, contacte um revendedor ou distribuidor oficial da SEA &amp; SEA.</p>
